25/(-10) + 3) is divided by g?
13
Let f = 122 - 120. Suppose -137 + 29 = -f*b. Calculate the remainder when 107 is divided by b.
53
Suppose -2*i + 7*i = 15. Suppose -d + i*d = 4. Let q(p) = p**2 + 7*p + 4. Calculate the remainder when q(-7) is divided by d.
0
Suppose 5*y - 9 = 4*y. Let n(j) = -j**2 + 7*j + 33. Calculate the remainder when 74 is divided by n(y).
14
Let b = 22 - 6. Let x(d) = -1437*d - 15461. What is the remainder when x(-11) is divided by b?
10
Let m = -96 - -53. Let v = m + 56. Suppose 0 = -v*n + 12*n + 36. What is the remainder when 143 is divided by n?
35
Let u = -1406 + 1456. Suppose 2*k = 137 + 149. What is the remainder when k is divided by u?
43
Suppose -309 = -p + 4*u, -270*u + 906 = 3*p - 275*u. Calculate the remainder when p is divided by (-78)/(-2)*1/3.
11
Suppose -4*n = 4*u - 1700, 36*u - 32*u = -5*n + 1705. What is the remainder when u is divided by 104?
4
Calculate the remainder when 776 is divided by -69*(64 + -52)*(-4)/18.
40
Let h(s) = -s**3 + 9*s**2 + 5. Let t = -7 + -41. What is the remainder when 14*6/t*-4 is divided by h(9)?
2
Let o = -351 + 355. Suppose 2*g + l = 58, -o*l - 4 = 4. What is the remainder when g is divided by 11?
8
Let a(c) = -c**2 + 14*c - 6. What is the remainder when a(11) is divided by 42/(-945)*9*-15?
3
Suppose 2*y = -0 - 6. Let a be (25/(-5) + 6)/((-1)/y). Suppose a*c = 45 - 3. Calculate the remainder when 19 is divided by c.
5
Let m(c) = -c**3 - 3*c**2 + 12*c + 13. Let t be m(-5). Suppose 4*z - 152 = -2*p + t*z, 5*p - 377 = -4*z. What is the remainder when 289 is divided by p?
58
Suppose 4*k = -22*k + 44*k - 4266. Calculate the remainder when k is divided by 64.
45
Let l = -2448 - -2465. What is the remainder when 1799 is divided by l?
14
Let a = 32 - -116. Suppose -11*u + a = -83. What is the remainder when u is divided by 12 + 0/(-2*1)?
9
Let i = -88 - -182. Suppose -39 + 3 = -6*c. Suppose -2*u - c*b = -11*b - 81, -57 = -u - 3*b. What is the remainder when i is divided by u?
46
Let j(t) = -4*t + 28. Let i be j(9). Let a(f) = -2*f**2 - 2*f + 1. Let s be a(i). Calculate the remainder when -3 - (s + 15/(-5)) is divided by 38.
35
Let b = 24 - 9. Suppose 0 = 2*s - 12 + 12. Suppose 0*k - 194 = -4*c - 2*k, -5*c + 4*k + 262 = s. Calculate the remainder when c is divided by b.
5
Suppose -4*m - 4*b + 10168 = 0, 4*b - 150 = -114. What is the remainder when 2539 is divided by m?
6
Suppose -3*y - 45*n + 146 = -46*n, -97 = -2*y + n. What is the remainder when 174 is divided by y?
27
Let d = 48 + -233. Let y = d - -231. Let u = 15 - -2. What is the remainder when y is divided by u?
12
Let y(l) = -2*l**2 + 58*l - 16. Let c be y(24). Suppose -c = 22*t - 36*t. Calculate the remainder when 108 is divided by t.
12
What is the remainder when 337*(15 + -8 - 6) is divided by 72?
49
What is the remainder when 1185 is divided by (30 - (-2 - -10)) + 32?
51
Let a(l) = -577 + 346*l - 179*l - 186*l. Suppose -4*w - 5*v + 113 = 0, 0*w - w = 3*v - 23. Calculate the remainder when w is divided by a(-31).
8
Suppose 0 = -0*d - 8*d + 2760. Suppose -d = -21*g + 18*g. What is the remainder when g is divided by 32?
19
What is the remainder when 413 is divided by 13 - (12/20 + 3/(-5))?
10
Let y(k) = -k - 5. Let z be y(-5). Suppose z = 2*q + 163 + 153. Let o = -97 - q. Calculate the remainder when o is divided by 21.
19
Let y be -1 + 7 + (18 - 8). Suppose 0 = -4*t + 4*b + 200, -19*t + b = -y*t - 140. Calculate the remainder when t is divided by 24.
21
Suppose -41*h + 40*h - 7 = 4*k, -4*h + 24 = 3*k. What is the remainder when 956 is divided by h?
2
Let z = 6 - -16. Suppose -773 = 3957*k - 3979*k + 525. What is the remainder when k is divided by z?
15
Let r be (10 - 1)*(-45)/(-27). Let j be ((-10)/r - 8/6)/(-1). Calculate the remainder when (-47)/2*(2 - 3)*j is divided by 4.
3
Suppose -268 = -3*q + 2*h - 3*h, -2*h = 10. Suppose y = 49*y - 912. What is the remainder when q is divided by y?
15
Suppose -2*d + 28 = 4*i, 11*i - 9*i + 4*d = 26. Suppose -21 - 84 = -i*u. Calculate the remainder when 69 is divided by u.
6
Let r be (-10 - 153/(-18))/((-1)/70). Let k = r + -85. What is the remainder when 97 is divided by k?
17
Suppose 102780 = 123*n - 885402. What is the remainder when n is divided by 82?
80
Suppose -29*n + 44*n + 11484 = 33*n. Calculate the remainder when n is divided by 121.
33
Let y(a) = 17*a - 6. Let p be y(14). Suppose 0 = 231*f - p*f + 24. What is the remainder when f is divided by 8?
0
Let v = 10407 + -9935. What is the remainder when v is divided by 51?
13
Let w(i) = 2*i**2 - 53*i - 476. What is the remainder when 101 is divided by w(34)?
33
Let z(n) = n**2 - 50*n - 537. Calculate the remainder when 1068 is divided by z(61).
130
Let r = -20996 - -21000. Calculate the remainder when 579/15 - 2/(-5) is divided by r.
3
Let p be (-6989)/(-2) + (-14)/(168/(-30)). Suppose 0 = 31*y - 18*y - p. Calculate the remainder when y is divided by 54.
53
Suppose -5*z + 125 - 95 = 5*g, 4*g + 18 = 2*z. What is the remainder when 116 is divided by z?
4
Let k = 519 + -489. Suppose -2*a = -2*y, y = 4*a - 4*y + 3. Suppose 0 = a*w - 3*x - 360, x - 62 - 54 = -w. Calculate the remainder when w is divided by k.
28
Let m be 2/6 - (11792/(-12) - -7). Suppose -12*c - 4*c = -m. Suppose 5*w + 1 = 71. What is the remainder when c is divided by w?
5
Suppose 49 = -v + 5. Suppose w - 5*w = 3*x - 195, 2*w = 2*x - 130. Let z = v + x. What is the remainder when 83 is divided by z?
20
Calculate the remainder when 5*(-3)/45 - 1766/(-6) is divided by 103.
88
Let z(b) = -b**3 + 8*b**2 - 11*b + 33. Let q be z(7). Suppose q*k = 20 + 20. What is the remainder when 15 is divided by k?
7
Suppose -3*w = 0, -s + 0*s - 5*w = -2. Suppose 3*t - 41 = -s. What is the remainder when t is divided by 6 - (3/(-2) - 60/(-24))?
3
Suppose 0 = -h - 4*h + 3*d + 726, 2*h = 3*d + 294. Let k = -34740 + 34789. Calculate the remainder when h is divided by k.
46
What is the remainder when (32 - 2)*(-85)/34*(-295)/25 is divided by 11?
5
Suppose -2*h = 7*i - 3*i - 86, -3*h + 3*i = -111. Suppose -8 = 4*k, -3*a + 4*k = 2*k - 223. Calculate the remainder when a is divided by h.
34
Let q(i) = 10*i - 1. Let b be q(2). Let o = b + -5. Suppose 65 = a - 3*z, 0 = -a + 5*z - 82 + 157. What is the remainder when a is divided by o?
8
Let o be ((-11030)/150 - (-8)/60)*-5. Let d = o - 360. Calculate the remainder when 28 is divided by d.
0
Let a = -12602 - -13400. What is the remainder when a is divided by 32?
30
Let i(g) = 3*g**2 + 3 - 5*g**2 + 4*g + 3*g**2. Let k be i(-4). Suppose 0 = 3*l - k*m + 31 - 286, 4*l + 2*m = 358. What is the remainder when l is divided by 30?
28
Suppose -44 = 3*u - 83. Let r = 40 - 86. Let p = r + 69. Calculate the remainder when p is divided by u.
10
Let q = 24483 + -24475. Suppose 3*g + 2*g = 540. Calculate the remainder when g is divided by q.
4
Suppose -83*h - 11160 = -108270. What is the remainder when h is divided by 69?
66
Suppose 25 = 3*i + 2*x, -4*i + i + 5 = -2*x. Suppose i*h = -h. Suppose h*p - p = -33. Calculate the remainder when p is divided by 4.
1
Suppose -s + z = -3*s + 35, 3*s - 2*z = 56. Calculate the remainder when 284 is divided by s.
14
Let x = 522 + -520. Suppose 21*d - 26 = 17*d - x*y, -5*y - 16 = d. What is the remainder when 187 is divided by d?
7
Let a = -5097 + 8280. Calculate the remainder when a is divided by 18.
15
Suppose 3*r + 2*z = 48 - 5, -5*r - 5*z = -85. Calculate the remainder when 1*((-2)/2 - -26) is divided by r.
7
What is the remainder when 4677 is divided by (-4)/(-6)*(-36)/8*(-169)/39?
10
Let s(x) = 3*x. Let i(z) = -3*z - 1. Let v(b) = -2*i(b) - 3*s(b). Let y = 59018 - 58859. What is the remainder when y is divided by v(-6)?
19
Let j(d) = -d**3 + 3*d**2 - 4*d + 2. Let w be j(2). Let x(k) = k**2 - k. Let t = -477 + 499. What is the remainder when t is divided by x(w)?
4
Suppose -2*a + 49 = 2*d + 3*a, -4*d + 33 = -3*a. Suppose 3*n = 3*h + h - 141, 2*h + 4*n = 98. Let t = -32 + h. Calculate the remainder when d is divided by t.
5
Suppose -5*b + 1 + 39 = 0. Suppose -3*i = -5*w - 149, 4*w - i = -2*i - 109. Calculate the remainder when b is divided by (-8)/w - -22*(-9)/(-42).
3
Suppose 44*f = 41*f. Suppose f = -3*d + 12, 0*d + 5*d = -5*b + 230. Let r = -129 - -291. Calculate the remainder when r is divided by b.
36
Suppose 47